 (37 + (-5 - 1 - 6))?
-28
Evaluate (-16 + -1 - (22 + (27 - 52))) + 1.
-13
What is -2 + (55 - 45) + 1 + -1 - -2?
10
What is the value of 0 - (5 + -2 + (-11 - -23))?
-15
2 - 1 - (5 + 6 + -17 + 23)
-16
What is the value of -2 + 0 + (30 - 25) + (1 - -4)?
8
Evaluate (0 - 7) + 94 + -95 + (-11 - 0).
-19
What is 1 - (10 - -1) - (80 - 89)?
-1
Calculate 8 + 21 + -17 + 1 - -11.
24
Evaluate -155 - -143 - (2 + -29).
15
Evaluate 2 - 6 - (-11 + -3 + 11).
-1
What is the value of -9 - (-23 + 8 + 5 - -17)?
-16
What is the value of 15 + -39 + 21 + -4?
-7
(37 - 1) + 25 + -17 + -4 - 10
30
What is the value of 0 + 7 + (-14 - -2) + -3?
-8
-3 + 0 + (9 - (6 - (-9 - 2)))
-11
What is -5 + (26 - 31) + -1 + 3 + 12?
4
Calculate (7 + (20 - 9) + -35 - 9) + 0.
-26
Evaluate (7 - (-11 + 8)) + -7.
3
What is the value of -11 - (7 + -2 - (-7 - -7 - -6))?
-10
(-5 - -8) + 13 - (22 + -32)
26
Evaluate 8 - (-1 - 0) - ((17 - 0) + -35).
27
Evaluate 2 + -1 + -15 + -106 + 109.
-11
What is -8 - -13 - (5 + -2 - 17) - 7?
12
What is -7 + -8 + 16 + -13 + -2 - 2?
-16
Evaluate 17 + (-23 - -12) - (3 + 7).
-4
What is the value of 2 + -24 - (-13 - ((-7 - -6) + -21))?
-31
Evaluate 4 + -10 + (-11 - (-10 + 1)).
-8
What is (15 - 7 - -6) + 8 + -5?
17
What is -26 - (-40 + 32 + -24)?
6
Calculate -1 - -16 - (-1 - (-3 - -5)) - 3.
15
22 + (-75 - (47 - 65))
-35
What is 7 + -1 + (62 - 69) - (0 - 3)?
2
Calculate -4 + (22 - (24 - 15)).
9
8 - (0 + 8 + (-17 - -11))
6
Calculate 0 + 5 + 8 + -27.
-14
What is the value of -3 + (10 + 6 - 24)?
-11
What is the value of 13 - 2 - (-62 - -68)?
5
What is 4 - (4 + -2 + -4) - (634 - 640)?
12
Evaluate (39 - 17) + -2 + -13.
7
Calculate -16 + 0 + -229 + 238.
-7
-2 - (-1 - (11 - (19 + 10)))
-19
What is (-351 - -345) + 1 + (1 - 1 - 6)?
-11
Evaluate 5 + (-10 + 0 + 8 - -2).
5
Calculate 1 + -26 + -2 - -15.
-12
(4 - 2) + 1 + -4 + 6 + -12
-7
What is -14 - ((-1 - (-3 - (-12 + 2))) + 19)?
-25
What is (-32 - -20 - -14 - (8 - 0)) + 2?
-4
Calculate 10 + -17 + -1 + 18.
10
What is the value of -2 - (13 + (-12 - -3))?
-6
What is (15 + -20 - 5) + -1 + 6?
-5
What is 1 - -6 - (14 - (8 - 5))?
-4
Calculate -2 - (-9 + (2 - -4 - 2)) - -1.
4
Evaluate -5 - -1 - (-10 + (-42 - (-38 + 23))).
33
-7 + -3 + 17 + (0 - 7)
0
What is the value of -1 - (20 + -14 + 7) - -2?
-12
Calculate -117 + 131 - (27 - -4).
-17
Evaluate 333 - 337 - (-13 + 1).
8
What is the value of (4 - (-5 + 18)) + 2 + 14?
7
Calculate 23 - (23 + (-8 - -16)).
-8
Calculate 60 + -50 - (16 - -2).
-8
What is the value of -4 + -1 + 1 + 407 + -410?
-7
Calculate 19 + -15 - -8 - (13 + 9).
-10
What is the value of (0 - 6) + (30 - -5 - 15 - 31)?
-17
What is the value of 7 + -18 + 8 + -7 + -3 + 3?
-10
Evaluate -24 + -25 + 12 - -26.
-11
What is the value of -33 + (4 + -4 - -3 - (-33 + 25))?
-22
-20 + 7 + 1 + 12
0
-8 + -1 + -3 + -6 + 5 + 4
-9
Calculate 4 - (5 - (3 - (8 - 7))).
1
What is the value of 22 + 0 - ((-15 - 27) + 44)?
20
What is (-9 - -25 - 43) + 8?
-19
What is the value of -21 - (21 + -64 + 43)?
-21
What is the value of -10 + (1 - 1) + (-9 - 8 - -32)?
5
Calculate (2 - -17) + 2 + 7 + -10.
18
What is the value of -1 + (6 - (-3 + 19) - -6) + -4?
-9
What is the value of -62 - (0 - (-36 - -72))?
-26
What is -9 + (0 + 8 + -109 + 107 - -24)?
21
Calculate -2 + (-2 - (-9 - (-15 - -6))).
-4
Evaluate 0 - (0 + 0 - (5 + (3 - 10))).
-2
What is 279 + -285 + (-4 - (2 - 25))?
13
What is (0 - -5) + (-8 + 31 - (-16 - -26))?
18
What is the value of (24 - (14 + 16)) + (-1 - -2 - 4)?
-9
-29 + (6 - -5) - -11
-7
What is the value of (-8 - -4) + -5 - (-19 - -7)?
3
What is the value of 19 + -35 - -18 - -11?
13
What is -3 + (-1 - -2) + (4 + -1 - -5)?
6
What is -3 + 7 + -9 + 15 + -4 - -9?
15
Evaluate -14 - (20 - (19 - -3)).
-12
Evaluate -2 - (-30 + 25 - (-1 - -3)).
5
What is -3 - (-8 + -34) - (2 - -7 - 1)?
31
What is the value of 3 + 1 - (130 - 137)?
11
Calculate (-24 - (-45 + -16)) + -70.
-33
Evaluate 16 - (10 - (-15 - -13)).
4
Evaluate (3 - (13 + -5)) + (-1 - (6 - 6)).
-6
What is (-10 + -11 - (8 + -12)) + -5?
-22
What is 0 - 13 - (-32 - -13)?
6
What is 3 + -1 + 12 + 31 + -28?
17
(2 + 1 - 1) + -1118 + 1103
-13
Evaluate -8 + 19 - (-7 + 17 - -8).
-7
What is the value of 4 - (12 - 1 - (48 - 52))?
-11
What is the value of (13 - -35) + -17 - (13 + 0)?
18
What is the value of -18 + (80 - 32 - 5)?
25
Evaluate 2 + 11 + -15 + 1.
-1
Evaluate 8 - (-1 - (2 - -9 - 29)).
-9
-4 + (-86 - -82 - (0 + -1))
-7
Evaluate 5 - ((-5 - -3) + (-7 - -13 - 2)).
3
0 - (-17 - (-2 + 0)) - (476 - 484)
23
(1 - 0) + (-86 - -84) + -3
-4
Evaluate 0 + -7 - (-41 + 33) - (-2 + -3).
6
Evaluate -2 + -8 + (8 - (-6 + 9) - -1).
-4
Calculate 0 + 0 + 0 - (34 + 16 + -39).
-11
What is -1 + -3 + 14 - (-10 + 26 - 22)?
16
-24 + (13 - (-4 - (-2 + -5)))
-14
What is 6 + -11 + 2 + -12 + 12?
-3
What is 11 + 11 + -12 + (5 + 2 - 3)?
14
What is -8 - (5 + -16) - 17?
-14
(24 - (1 - -1)) + (384 - 394)
12
What is -4 + 2 + -3 - -2 - 5?
-8
What is the value of 11 - (23 + -13) - (2 + -15)?
14
What is the value of 0 + 0 + -1 + (30 - 46 - -22)?
5
What is (-12 - -1 - -3) + -1 + -2 + -4?
-15
What is the value of -2 + 5 + -6 + 6 - (50 + -20)?
-27
Calculate -7 + 16 + -1 + -21.
-13
Calculate 419 + -409 + -23 + 0.
-13
Calculate -19 + (-5 - -13) - (8 - 30) - -5.
16
What is -6 + -2 - (-13 + 5) - 2?
-2
Evaluate 11 - (-17 - (-11 + -18)).
-1
What is the value of (1 - (6 - 2) - -1) + -2 + 7?
3
What is (-94 + 83 - (3 - 3 - 1)) + 27?
17
2 + 4 - (254 + -236)
-12
What is the value of -3 + -2 - -12 - 10 - -27?
24
What is the value of (5 - 13) + (-27 - -38)?
3
Evaluate (-2 - 6) + (-4 - (0 + -3)).
-9
What is 14 - (2 - -31 - 33)?
14
What is 9 - 9 - (-6 + -6) - -1?
13
(-3 + 5 + 2 - 13) + (4 - 1)
-6
Calculate -1 + ((-2 - -8) + -12 - -24).
17
What is 6 - ((8 - 14) + 1 + 3) - -20?
28
Calculate 25 - (15 + 27) - (-31 + -1).
15
What is the value of -23 + 51 + -21 - (25 - 1)?
-17
What is the value of 6 + (5 - 13 - -8) + -21?
-15
What is (24 - (26 + 10)) + 6?
-6
(-4 - -2) + -3 + 3 + (-48 - -43)
-7
What is the value of (5 - 0) + (-11 - (2 + -5 - -7))?
-10
Calculate -5 + 5 + (-6 - -6) - (6 + -5).
-1
Evaluate 12 + (-15 - -2) + -11.
-12
What is 20 + -27 + 14 + -3?
4
Calculate (44 - 55 - (2 + -37)) + -9.
15
Calculate (0 - 8) + (20 - 9 - 9).
-6
What is (9 - (63 - 22)) + 48?
16
Calculate 4 + (-3 - 4) - (128 - 142).
11
(11 - 16 - -19) + -9 - 26
-21
Evaluate -5 + 1 + 3 - (11 - (-14 - -14)).
-12
What is the value of 13 + -33 + 26 + (6 - 0)?
12
32 + -22 - (-7 + (2 - 4))
19
-6 - (-5 + 18 + 0)
-19
What is the value of (-22 - -38) + 5 + -38?
-17
(-12 - 1) + (-124 - -55 - -60)
-22
Evaluate -4 - ((2 - -2) + (-4 - (-22 - -7))).
-19
What is the value of 11 - (-13 + -8 + 4 - -5)?
23
Calculate 30 + -20 + -5 + 1 - (-2 + 3).
5
What is -4 + (-8 - -3 - -12) - -5?
8
What is -4 + (-10 - -20 - -27)?
33
Calculate -13 + 16 + 1 - 15.
-11
Calculate 11 + (-11 + 1 - (-42 - -39)).
4
What is the value of 9 - (17 + (-8 - (-18 + 9)))?
-9
Evaluate -1 - 1 - 0 - (-165 + 297 + -132).
-2
Evaluate 42 - 11 - (-22 - -49).
4
What is -3 - (-2 + 2) - (0 + 3)?
-6
What is -1 + 8 - (53 + -49) - -2 - -2?
7
Evaluate 33 + 1 + (-26 + 12 + 19 - 7).
32
(26 - 18) + 11 + -20
-1
What is the value of 3 + (22 - 10) - 15?
0
-16 - ((80 - 78) + -6 + 1)
-13
What is -5 + 15 + -49 - -19 - 9?
-29
Evaluate -3 + 7 + -3 + (12 - (12 + 5)).
-4
Evaluate (-1 - 4) + (9 - -24).
28
4 - 9 - (-40 - (-14 + 0))
21
What is -2 + (8 - 2) + -4?
0
6 + -20 + 8 + -2 + (-2 - 0)
-10
What is the value of (-15 - -5) + 21 - 21?
-10
Evaluate 15 - (-25 + (54 - 2)).
-12
What is -8 - (-6 + -8) - ((0 - 0) + 6)?
0
Evaluate (-65 - -71) + (3 - 0).
9
(-4 - (5 + -7)) + 3 + 7
8
What is 1 + 25 + 1060 + -1063?
23
Calculate 5 + (4 - 14) + 6 + (-14 - -1).
-12
Calculate -13 - (4 - (16 - (-1 - -4))) - 21.
-25
Calculate -1 + (13 + -8 + -11 - 3) + 18.
8
Evaluate 8 - 33 - -14 - -20.
9
-24 - -26 - (9 - 5 - (-10 - 1))
-13
What is 16 + 7 + -22 + 3 - 25?
-21
Evaluate (-1 + 6 - (3 - 2)) + 69 + -74.
-1
What is the value of (9 - -12 - -9) + (-2 - -6) + -12?
22
Calculate 11 + -5 + -7 + 1.
0
What is the value of (29 - 26) + (6 - (-4 + 2))?
11
What is the value of (-2 - 3) + 5 - (10 + -15 - -9)?
-4
What is -39 + (-32 - (-10 - 41))?
-20
Evaluate (0 - -1) + (-10 - (-2 - 16)).
9
Evaluate -2713 + 2706 + (1 - -1 - -44).
39
-16 + (-10 - -24) - -9
7
What is 14 + (1 - 22) + 14 + 0 + -1?
6
What is